y + 29452 = -i*y. List the prime factors of y.
2, 199
Suppose -38*b - 251654 = -796951 - 358647. List the prime factors of b.
2, 19, 313
Let g be ((-12)/4)/((-12156)/2433 + 5). Let o = 1870 + g. What are the prime factors of o?
3, 353
Let l(j) = -7*j + 185. Let m be l(24). Suppose -m*r - 2*r + 15979 = 0. List the prime factors of r.
29
Let v(p) = -p**3 - 14*p**2 - p - 12. Let n be v(-14). Suppose 5*z = -f + 13, n*f - 2*z - 18 = -4*z. List the prime factors of (-23)/(4/f*-2).
23
List the prime factors of (-427)/122*(-132360)/70.
2, 3, 1103
Let u(j) = 7*j**2 - 2*j. Let w(p) = -2*p + 25*p**2 + 3*p - 29*p**2. Let i(x) = -2*u(x) - 5*w(x). What are the prime factors of i(-1)?
7
Suppose h = -2*h + 21. Let z be (-1 - -2) + 4 + (-10)/5. Suppose -z*v + 310 = h*v. What are the prime factors of v?
31
Suppose -20*x = -18*x - 1038. Let i = 964 - x. What are the prime factors of i?
5, 89
Let t = 6851 - 2239. What are the prime factors of t?
2, 1153
Let w be (-172)/(-36) + (-3)/((-27)/2). Suppose -18 = -8*s + w*s + 3*f, -3*s + 5*f + 14 = 0. Suppose -250 = -s*g + 38. What are the prime factors of g?
2, 3
Suppose 15*s - 3*w = 13*s + 9408, 0 = 5*s + 4*w - 23428. List the prime factors of s.
2, 3, 17, 23
List the prime factors of (-233909)/(-9) + -1 + ((-1206)/81 - -15).
3, 8663
List the prime factors of -8*7/(-168)*-1619*-21.
7, 1619
Let g be (-938)/182 - 2/(-13). What are the prime factors of g - 145/(-30) - (-427)/6?
71
Suppose -2*f = -6*u + 3*u + 32, 0 = 5*u + 5*f - 20. Suppose -15*r + 1012 = u*r. What are the prime factors of r?
2, 11
Suppose 0 = i - 113 + 16. Suppose 14*q = 15*q + 30. Let y = q + i. List the prime factors of y.
67
Let h(m) = -5*m**2 - 48*m - 239. Let w(n) = -2*n**2 - 25*n - 120. Let u(t) = -3*h(t) + 5*w(t). List the prime factors of u(-12).
3, 7, 29
Suppose -450*b + 459420 = -385*b. What are the prime factors of b?
2, 3, 19, 31
Let w(h) = 161*h**2 + 2*h + 2. Let z(m) = -m**2 - 12*m - 37. Suppose 2*y = -8 - 4. Let d be z(y). What are the prime factors of w(d)?
7, 23
Let k(p) = -3*p - 96. Let n be k(-32). Suppose 2*c - 11 - 183 = -4*v, n = 3*c + v - 316. What are the prime factors of c?
107
Let p(k) be the third derivative of -11*k**4/6 - 3*k**3/2 - 11*k**2. Let q be p(-5). Suppose -2*b + f + 281 = 2*b, 3*b = f + q. What are the prime factors of b?
2, 5, 7
Let c(f) = f**2 - 7*f - 23. Let v be c(9). Let n(u) = -u - 3. Let o be n(v). Suppose 5*h = -a + 99, -o*h - 234 = -3*a + a. What are the prime factors of a?
2, 3, 19
Let a = -43 - -44. Let s be 62 - (a + -1 + -4 - -2). Suppose -s = -4*g + 224. List the prime factors of g.
2, 3
Let m be -178 - -9 - (-6)/3. Let p = 718 + m. What are the prime factors of p?
19, 29
Suppose -5*q = 40 - 75. Suppose 2*m - 3375 = -q*m. What are the prime factors of m?
3, 5
Let r(n) = 3835*n - 2206. List the prime factors of r(9).
32309
Let s be 2*(-9)/(-8)*5744/12. Suppose 4*g + s = 3077. What are the prime factors of g?
2, 5
Let z(x) = 414 + 12*x - 101 - 104 - 112 - 108. Let k(f) = f**3 - f**2 - 2*f - 1. Let h be k(3). List the prime factors of z(h).
11
Let t(a) = -1113*a + 328. List the prime factors of t(-6).
2, 31, 113
Suppose -105*n = 225*n - 12396120. What are the prime factors of n?
2, 9391
Let o = -249 - -253. Let n(w) = 7*w**3 + w**2 - 3*w - 9. List the prime factors of n(o).
443
Suppose -2*x + 2760 = -56902. What are the prime factors of x?
23, 1297
Let d be -1 - (-8 + 3)*1. Suppose d*t = 16, 4*l - 2*t - 1128 = -7*t. What are the prime factors of l?
277
Suppose 33*g - 112322 = 132439. What are the prime factors of g?
7417
Let s be 1/(-1)*(-4 - -1). Suppose 0 = -3*b - 4*o - 619, s*o - 7*o = b + 193. Let y = b - -320. What are the prime factors of y?
107
Suppose 3 = 2*q + m, 6*q = 5*q + 3*m + 12. Suppose -5*v - q*s = 2*s - 7395, v - 2*s - 1476 = 0. What are the prime factors of v?
2, 739
Let s be (-5)/((33/(-55))/((-6)/5)). Let m(q) = 14*q - 31*q + 12*q - 17. What are the prime factors of m(s)?
3, 11
Suppose 2*n - 5*z - 15264 = 0, 5*n + 3*z - 42839 = -4586. List the prime factors of n.
3, 2549
Let f(n) be the first derivative of -12 + 1/2*n**2 + 73*n. List the prime factors of f(0).
73
Suppose 112*v - 113*v = -560. Let a = -7 + 462. Suppose 7*g - a = v. What are the prime factors of g?
5, 29
Suppose -b + 15133 = 5*y, 7*y - 60515 = -4*b + 4*y. List the prime factors of b.
2, 31, 61
Suppose 81412 = -11162*w + 11166*w. List the prime factors of w.
20353
Suppose -d + 41 = 2*z, 8 + 43 = d + 4*z. Let b = -24 + 11. Let c = d - b. List the prime factors of c.
2, 11
Let q(o) be the first derivative of -1/4*o**4 - 6*o - 2/3*o**3 - 1 - 4*o**2. What are the prime factors of q(-6)?
2, 3, 31
Let a(z) = 128*z**2 - 190*z - 1362. List the prime factors of a(-7).
2, 3, 5, 13
Let z(y) = -456*y - 52. Let d(m) = m**2 - 6*m - 2. Let f be d(6). What are the prime factors of z(f)?
2, 5, 43
Let a(c) = -c**2 - 16*c - 13. Let f(n) be the third derivative of -n**5/60 - 5*n**4/8 - 49*n**3/6 + 15*n**2. Let w be f(-12). List the prime factors of a(w).
2, 13
Suppose 23*a + 85061 = 364097. What are the prime factors of a?
2, 3, 337
Let f(s) = s**3 + 14*s**2 - s - 9. Let g be f(-14). Let h be (168/20)/(1/g). Let w = h + 106. List the prime factors of w.
2, 37
Suppose 2*c - 4*r - 63434 = 0, 3*c - 95193 = 59*r - 60*r. List the prime factors of c.
31729
Let y be (-55665)/12*(-240)/45. Suppose y = -z + 21*z. What are the prime factors of z?
1237
Let o(i) = i**2 + 8*i - 84. Let s be o(9). Let d be 194/4 + (-2)/4. Let f = s - d. What are the prime factors of f?
3, 7
Suppose -4*h = -7*h + 36. Let a(c) = 2*c**2 - 8*c - 10. What are the prime factors of a(h)?
2, 7, 13
Suppose 4*x - 17480 = 5*b - 113883, -b + 19247 = 4*x. List the prime factors of b.
3, 5, 257
Let f be (-5718)/15 - 9/(-45). Let z = f + 492. List the prime factors of z.
3, 37
Let x(i) = 7*i**2 - 45*i - 239. Let q(j) = 4*j**2 - 23*j - 120. Let a(k) = -5*q(k) + 3*x(k). What are the prime factors of a(35)?
2, 3, 17
Suppose 0 = -20*n + 22*n + 64. Let c = n + 69. Let d = 57 - c. List the prime factors of d.
2, 5
What are the prime factors of 229683/6 + (6 - (-143)/(-22))?
2, 3, 5, 11, 29
Let z(f) = 21*f**2 - f - 16. Let q be z(4). Suppose -q = -3*i + 575. List the prime factors of i.
3, 11
Suppose 32926 + 11507 + 57414 = 17*w. List the prime factors of w.
3, 1997
List the prime factors of (2808/90 - -26)*1*45.
2, 3, 11, 13
Let u(x) be the third derivative of -x**6/40 - 7*x**5/60 + x**4/8 + 4*x**3/3 - 2*x**2 + 11*x. List the prime factors of u(-5).
193
Suppose 5*l + 8492 = q, 0 = -2*q - 4*l + 9521 + 7533. What are the prime factors of q?
3, 17, 167
Suppose 8*p + 40 - 72 = 0. Suppose 515 + 37 = p*n. What are the prime factors of n?
2, 3, 23
Let o be 22*(-1 + 5) - 4. Let j = o + 271. List the prime factors of j.
5, 71
Let u(q) = -3*q**3 + 202*q**2 - 30*q + 12. What are the prime factors of u(67)?
47, 53
Suppose 4*k - 4*a = 1408, -20*k - a = -22*k + 707. What are the prime factors of k?
5, 71
Suppose 0*w = 5*w + 2*y + 21, 0 = w - y. Let j be 1*(w + 2)*(6 + 100). Let p = j + 120. List the prime factors of p.
2, 7
What are the prime factors of (-1)/(83835/16770 + -5)?
2, 13, 43
Let a be -8 + 4/(-8)*-26. Suppose 0 = z + a*r - 133, -8*z = -13*z - 5*r + 645. What are the prime factors of z?
2
Let z(v) = -624*v - 6856. List the prime factors of z(-24).
2, 5, 7, 29
Let w(z) = -24*z + 14. Let u be w(-12). Suppose -4*f = -0*c + 4*c - 1160, c = -4*f + u. List the prime factors of c.
2, 11, 13
Let c(h) = -h**3 + 8*h**2 + 7*h - 7. Suppose 216 = -7*b + 265. List the prime factors of c(b).
7, 13
Suppose -7*x = -4*m - 6*x + 41445, 3*m + x - 31075 = 0. Suppose 47*c + m = 67*c. What are the prime factors of c?
2, 7, 37
Suppose 5*v - c - 5 = 15, -3*c - 12 = v. Let s be (-15)/(-9) - v/(-9). List the prime factors of (1/s)/((-8)/(-1440)).
2, 3, 5
Let j be 1161 + 6/3*-1. Let p = -808 + j. What are the prime factors of p?
3, 13
Suppose 0 = 3*a + b - 13065, -30*a + 35*a - b - 21783 = 0. What are the prime factors of a?
2, 3, 11
Let k = 15 - 10. Suppose -m = -k*m + 84. What are the prime factors of (-6)/m - (-548)/7?
2, 3, 13
Let v = -15578 + 26422. What are the prime factors of v?
2, 2711
Suppose -d - 44266 = -2*p, -39 + 43 = -2*d. List the prime factors of p.
2, 11, 503
Let a(r) = -12*r**2 + 2 - 6*r**2 - 3 + r 